and 18.
2
What is the greatest common divisor of 42 and 2758?
14
Calculate the highest common divisor of 264 and 4158.
66
What is the highest common factor of 2016 and 72?
72
What is the greatest common factor of 2814 and 67?
67
Calculate the greatest common divisor of 23 and 713.
23
Calculate the greatest common factor of 85 and 187.
17
What is the greatest common divisor of 119 and 1003?
17
Calculate the highest common factor of 88 and 22.
22
What is the greatest common divisor of 3219 and 74?
37
Calculate the greatest common factor of 15 and 640.
5
What is the highest common factor of 10112 and 79?
79
What is the highest common factor of 23 and 163?
1
What is the highest common divisor of 7970 and 10?
10
Calculate the greatest common divisor of 134 and 17554.
134
What is the highest common divisor of 2211 and 759?
33
Calculate the greatest common factor of 1458 and 99.
9
What is the highest common factor of 76790 and 14?
14
Calculate the highest common factor of 1417 and 13.
13
Calculate the highest common factor of 12595 and 55.
55
Calculate the highest common divisor of 9477 and 39.
39
What is the greatest common factor of 96 and 336?
48
Calculate the greatest common divisor of 10 and 710.
10
Calculate the greatest common factor of 30 and 1509.
3
Calculate the greatest common divisor of 18 and 30.
6
Calculate the greatest common factor of 18 and 9360.
18
Calculate the highest common factor of 30924 and 72.
36
What is the highest common factor of 26 and 26?
26
What is the highest common divisor of 18 and 1062?
18
What is the greatest common factor of 6 and 27?
3
Calculate the highest common divisor of 351 and 81.
27
What is the greatest common factor of 54 and 306?
18
Calculate the highest common divisor of 450 and 18.
18
What is the greatest common divisor of 909 and 202?
101
Calculate the greatest common divisor of 148 and 16.
4
Calculate the greatest common divisor of 50 and 4.
2
What is the highest common factor of 39792 and 96?
48
What is the highest common divisor of 690 and 1656?
138
Calculate the highest common divisor of 204 and 731.
17
What is the highest common factor of 12 and 492?
12
What is the highest common factor of 300 and 5450?
50
What is the highest common divisor of 36 and 15534?
18
Calculate the greatest common factor of 24 and 444.
12
Calculate the greatest common divisor of 3520 and 220.
220
Calculate the greatest common factor of 10080 and 1575.
315
What is the greatest common factor of 6885 and 340?
85
What is the greatest common divisor of 492 and 60?
12
What is the highest common divisor of 321 and 43549?
107
What is the greatest common divisor of 1118 and 65?
13
Calculate the highest common factor of 612 and 144.
36
What is the greatest common divisor of 231 and 21?
21
What is the greatest common factor of 4200 and 168?
168
What is the highest common divisor of 1147 and 222?
37
What is the greatest common divisor of 18227 and 11?
11
What is the greatest common factor of 5332 and 31?
31
What is the greatest common factor of 11292 and 12?
12
Calculate the greatest common divisor of 6 and 20.
2
Calculate the highest common factor of 18321 and 372.
93
What is the highest common factor of 114 and 18?
6
Calculate the greatest common divisor of 289 and 3179.
289
Calculate the greatest common factor of 338 and 52.
26
Calculate the highest common factor of 36 and 24.
12
What is the highest common factor of 123 and 35547?
123
What is the highest common factor of 13 and 2197?
13
Calculate the greatest common divisor of 800 and 25.
25
What is the greatest common factor of 16 and 12?
4
Calculate the highest common divisor of 40704 and 12.
12
What is the highest common divisor of 5925 and 150?
75
What is the highest common factor of 108 and 12?
12
Calculate the highest common divisor of 96 and 256.
32
Calculate the greatest common factor of 37 and 4588.
37
Calculate the greatest common divisor of 7 and 427.
7
What is the highest common divisor of 75 and 125?
25
Calculate the greatest common divisor of 27018 and 171.
171
Calculate the highest common factor of 1110 and 3390.
30
What is the greatest common factor of 10 and 12?
2
Calculate the highest common factor of 160 and 2160.
80
What is the highest common factor of 28 and 644?
28
Calculate the greatest common factor of 143 and 4212.
13
What is the greatest common divisor of 67 and 871?
67
Calculate the greatest common factor of 40 and 7960.
40
Calculate the highest common factor of 154 and 56.
14
Calculate the highest common divisor of 93 and 21359.
31
What is the greatest common divisor of 1702 and 23?
23
Calculate the highest common divisor of 9307 and 82.
41
Calculate the greatest common divisor of 216 and 504.
72
Calculate the highest common divisor of 24 and 50.
2
Calculate the highest common factor of 264 and 440.
88
What is the greatest common divisor of 19 and 2?
1
What is the highest common divisor of 16 and 124?
4
What is the greatest common divisor of 56 and 7?
7
What is the highest common divisor of 30 and 762?
6
Calculate the highest common divisor of 611 and 47.
47
Calculate the highest common factor of 76 and 190.
38
What is the highest common factor of 64 and 26336?
32
What is the highest common divisor of 407 and 77?
11
Calculate the highest common divisor of 3172 and 52.
52
Calculate the highest common divisor of 41 and 2747.
41
What is the greatest common divisor of 1036 and 14?
14
What is the highest common divisor of 12 and 54?
6
What is the highest common factor of 2 and 13?
1
Calculate the greatest common factor of 189 and 14.
7
What is the highest common factor of 36 and 108?
36
What is the greatest common divisor of 42 and 224?
14
What is the greatest common divisor of 435 and 60?
15
Calculate the greatest common divisor of 1248 and 182.
26
Calculate the greatest common divisor of 316 and 4.
4
What is the greatest common divisor of 816 and 32?
16
What is the highest common factor of 13 and 13?
13
Calculate the greatest common divisor of 12 and 246.
6
What is the highest common divisor of 57 and 4617?
57
What is the highest common factor of 1593 and 59?
59
What is the highest common divisor of 45 and 14670?
45
Calculate the highest common divisor of 5 and 640.
5
What is the highest common divisor of 140 and 676?
4
Calculate the highest common factor of 65868 and 132.
132
What is the greatest common factor of 6 and 1986?
6
What is the greatest common divisor of 210 and 2688?
42
What is the highest common divisor of 336 and 21?
21
What is the highest common factor of 5 and 365?
5
What is the greatest common divisor of 81 and 216?
27
Calculate the highest common divisor of 120 and 1020.
60
What is the greatest common factor of 1848 and 42?
42
Calculate the highest common divisor of 216 and 162.
54
What is the greatest common factor of 902 and 22?
22
What is the greatest common factor of 9163 and 17?
17
Calculate the highest common divisor of 1024 and 360.
8
Calculate the highest common factor of 259 and 35.
7
What is the highest common divisor of 2899 and 39?
13
What is the highest common divisor of 8 and 10?
2
What is the greatest common divisor of 252 and 434?
14
Calculate the highest common factor of 36 and 32.
4
Calculate the highest common factor of 1548 and 6364.
172
Calculate the highest common divisor of 940 and 705.
235
What is the highest common factor of 504 and 720?
72
Calculate the greatest common factor of 16 and 150.
2
What is the greatest common divisor of 325 and 75?
25
Calculate the highest common factor of 35 and 1295.
35
Calculate the greatest common factor of 65 and 25.
5
Calculate the greatest common factor of 1152 and 162.
18
Calculate the greatest common factor of 9 and 129.
3
Calculate the greatest common factor of 27 and 4914.
27
What is the greatest common factor of 1080 and 48?
24
What is the highest common divisor of 2 and 72?
2
What is the greatest common divisor of 48 and 20208?
48
What is the highest common divisor of 729 and 189?
27
What is the greatest common divisor of 23 and 19297?
23
What is the greatest common divisor of 10 and 190?
10
What is the greatest common factor of 28 and 23338?
14
What is the highest common divisor of 6 and 228?
6
Calculate the greatest common factor of 464 and 1247.
29
What is the hi